6 + 38 = 2*l. Let s = l - 5. What is the remainder when s is divided by 4?
3
Suppose -4*o + 194 = 2*t, -8 = o - 5*t - 73. Suppose f = -21 + o. Calculate the remainder when f is divided by 15.
14
Let b = -46 + 55. What is the remainder when 31 is divided by b?
4
Let p(l) be the first derivative of -7*l + 5/2*l**2 - 2. Calculate the remainder when p(6) is divided by 8.
7
Suppose -2*s + 12 + 22 = 0. Suppose 589 = 4*k - 195. Suppose 2*p - 30 = p + 5*u, -4*p + k = -u. What is the remainder when p is divided by s?
16
Suppose p = -0*p + 10. Calculate the remainder when -6*(-4)/(-16)*-2 + 26 is divided by p.
9
Suppose -155*w + 160*w - 4*k = 107, 4*k = w - 15. Suppose 3*q - 3 = 0, 4*x - 2*q + 5*q - 355 = 0. Calculate the remainder when x is divided by w.
19
Let b = -2 + 15. What is the remainder when 21 is divided by b - (2 - 1/1)?
9
Let m be 1/(-3) + (-20)/3. Calculate the remainder when (-2)/m + 626/14 is divided by 12.
9
Suppose 0*n - 32 = -3*s + 2*n, 5*n = 5*s - 60. Suppose -3*y - 4*o + 71 = 25, o + 55 = 4*y. Calculate the remainder when y is divided by s.
6
Let j = -9 + 9. Suppose -2*o + s + 185 - 35 = j, o - 81 = 2*s. What is the remainder when o is divided by 19?
16
Suppose 3*m = 64 - 178. Suppose -4*h - 2*c + 49 = -163, -4*h + 224 = -c. Let r = h + m. What is the remainder when r is divided by 6?
5
Let n(z) = z**3 + 7*z**2 - 7*z + 8. What is the remainder when n(-7) is divided by 20?
17
Let i = 218 - 134. Calculate the remainder when i is divided by 22.
18
Let y(u) = -7*u - 7. Let w(m) = -m**3 - 2*m - 2. What is the remainder when y(-5) is divided by w(-2)?
8
Suppose -5*x + 2*n = 4*n - 54, 0 = -5*x + 3*n + 44. Suppose 4*b = -3*w + 121, -45 = -3*b - 3*w + 48. Calculate the remainder when b is divided by x.
8
Let p = -5 - -10. Calculate the remainder when p is divided by 15/20 - 45/(-20).
2
Suppose u = 33 - 2. Suppose 4*r - 2*m - u + 5 = 0, -5*m - 40 = -5*r. Calculate the remainder when 8 is divided by r.
3
Suppose -2*x - k = -29, -2*x + 20 = -2*k - 6. Calculate the remainder when 53 is divided by x.
11
What is the remainder when (-7912)/(-115) - 1/(-5) is divided by 35?
34
Calculate the remainder when 86 - (3 + (3 - 2)) is divided by 21.
19
Let s be 0 - (-30*1 - 1). Let d = s + -20. Calculate the remainder when 20 is divided by d.
9
What is the remainder when (-4 - -1 - -2) + 123 is divided by 25?
22
Suppose 4*g - 5*g = -64. What is the remainder when g is divided by 17?
13
Let s(c) = c**3 - 4*c**2 - 6. What is the remainder when s(5) is divided by 7?
5
Let l = 0 + -3. Let o = l - -4. Suppose -v = -5 - o. Calculate the remainder when 10 is divided by v.
4
Let f be 1*(3 - 6) + 30. Let c = -14 + f. Calculate the remainder when 23 is divided by c.
10
Suppose -12*s + 10*s = -68. What is the remainder when s is divided by 18?
16
Let c = -3 + 2. Let u be c/2 - (-39)/6. Suppose x + x = u. Calculate the remainder when 5 is divided by x.
2
Let p be (6 + -2)/2 - 6. Let x(l) = -l + 10. What is the remainder when 27 is divided by x(p)?
13
Suppose 3*m + 5*p = 185 + 540, 2*m - 4*p = 520. Calculate the remainder when m/6 - 1/(-3) is divided by (10/20)/(2/44).
9
Suppose 3*x - 58 = -13. What is the remainder when x is divided by 6?
3
Let o be 2/(-7) - (-36)/(-21). Calculate the remainder when (100/(-6))/(o/3) is divided by 9.
7
Let s be 4/1 + (7 - 9). Suppose s*u + u - 54 = 0. What is the remainder when -34*(4 - 2)/(-2) is divided by u?
16
Calculate the remainder when 89 + (0/(-2))/(-1) is divided by 26.
11
Suppose -u - 1 = -3. Suppose 0 = 2*q - 12 - 0. What is the remainder when 146/q - u/6 is divided by 13?
11
Suppose 3*t + 2*t = 160. Calculate the remainder when 63 is divided by t.
31
Let p(n) = -2*n - 1. Let s be p(-8). Suppose -h + 52 = -4*g + s, -h - 3*g = -9. Calculate the remainder when h is divided by 8.
5
Let x(i) = 11*i**3 + 4*i**2 - 4*i**2 + i**2 - 5*i**3. Let z be x(1). Let j = z + -4. What is the remainder when 8 is divided by j?
2
Let p = 12 - -6. What is the remainder when 49 is divided by p?
13
Suppose -j - 200 = -2*d + 3*j, 5*j = -2*d + 191. Calculate the remainder when d is divided by 11.
10
Let l = 50 + -36. What is the remainder when 53 is divided by l?
11
Let r(v) = 3 + 22*v - 6 + 49*v - 11*v. Let u be r(2). Suppose -3*k - 7 - u = -5*t, 4*t - 3*k - 101 = 0. What is the remainder when t is divided by 8?
7
Let n = -2 + 8. Let y(v) = 4*v**2 - v - 1. What is the remainder when n is divided by y(-1)?
2
Let z(l) = l**2 - 8*l + 5. Let h be z(7). Calculate the remainder when 38 is divided by h/3 - 310/(-15).
18
Suppose -3*p + 27 = -0*p. What is the remainder when 53 is divided by p?
8
Suppose q - 4*q + 99 = 0. Calculate the remainder when q is divided by 17.
16
Let s(k) = -k**2 - 24*k + 7. Let j be -21 + 2 + 2 + 0. What is the remainder when s(j) is divided by 32?
30
Let g(v) = 14*v - 24. What is the remainder when g(8) is divided by 15?
13
Calculate the remainder when 14 is divided by (5 - 3)*(-5)/(-2).
4
Let l = 14 + -10. Suppose 3*t + 9 = l*t. What is the remainder when 15 is divided by t?
6
Let c(g) be the second derivative of -g**5/20 + 2*g**4/3 + g**2 - 6*g. What is the remainder when 3 is divided by c(8)?
1
Let v = -49 - -83. Let k = v - 19. What is the remainder when 44 is divided by k?
14
Let j = -82 - -212. Calculate the remainder when j is divided by 33.
31
Let b(s) = 4*s**2 - 3*s - 2. Suppose 8*n = 3*n + 35. Calculate the remainder when b(-2) is divided by n - (2 + -5) - 3.
6
Let y(p) be the third derivative of p**6/120 + p**5/10 - p**4/12 + 2*p**3/3 - 2*p**2. Suppose 13 = g - 17. What is the remainder when g is divided by y(-6)?
14
Suppose 10*b + 64 = 354. What is the remainder when 113 is divided by b?
26
Suppose 0*v + 4*v = -28. Let n = v + 17. What is the remainder when 28 is divided by n?
8
Let s(p) = 2*p**2 - 26*p + 32. Calculate the remainder when 94 is divided by s(13).
30
Let v = -26 + 34. Calculate the remainder when v is divided by 5.
3
Let u = 27 + -17. What is the remainder when 29 is divided by u?
9
Let d(b) = b + 1. Let m be d(4). Let v = 34 - m. What is the remainder when v is divided by 14 + 2 + -5 + 4?
14
Suppose 29 = -5*k + 829. Calculate the remainder when k is divided by 23.
22
Let o = -7 + 11. Suppose -z = -6*z + 5. Suppose -13 = -h + z. What is the remainder when h is divided by o?
2
Suppose -w - 11 = 3*i - 2, 4*w - 44 = 4*i. Suppose 0 = -4*y + y + 12. Calculate the remainder when w is divided by y.
2
Let t be (-1)/2 - (-36)/8. Suppose -5*n + 4*n = 2*l - 11, -44 = -t*n - l. Let i = -71 - -102. What is the remainder when i is divided by n?
9
Let z = -130 + 233. What is the remainder when z is divided by 26?
25
Suppose 3*x + 689 = 5*t - 802, -3*x + 909 = 3*t. What is the remainder when 98 is divided by t/(-6)*1/(-2)?
23
Suppose 3*t = 4 + 2. Suppose 0 = 4*z - 2 - t. Let q(l) = 10*l**3 - l**2 - l + 1. Calculate the remainder when 25 is divided by q(z).
7
What is the remainder when ((-1335)/2)/(-5) + (-6)/(-12) is divided by 27?
26
Let i = -7 + 16. What is the remainder when i is divided by 2?
1
Suppose -2*y - 16 = -42. Calculate the remainder when 35 is divided by y.
9
Let t = -1 - -12. Let o(d) = -2*d - 10. What is the remainder when t is divided by o(-8)?
5
Let r(x) = -2*x**3 + x**2 - 3*x - 3. Calculate the remainder when 40 is divided by r(-2).
17
Let o be 3 - 1 - (-1 + 15). What is the remainder when 2/o*-2*153 is divided by 9?
6
Suppose v + 1 = -0*v. What is the remainder when 9 is divided by (-1 + v)*5/(-2)?
4
Suppose 0 = -3*u + 3*k + 30, 5*u = 2*u + k + 24. Let x = 18 + 2. Let c = x - u. Calculate the remainder when c is divided by 5.
3
Suppose 0*q + 3*r = -2*q + 54, 5*q - 161 = -r. Let n = q + -2. What is the remainder when n is divided by 17?
14
Let v = -10 - -28. Let x be 20/(-6)*v/15. Let o(k) = -k**3 - 4*k**2 - 3*k - 2. What is the remainder when 28 is divided by o(x)?
8
Suppose -3*l + 1125 = 22*l. What is the remainder when l is divided by 8?
5
Let k = 33 - 21. Let l(c) = c**2 - 3*c - 2. Let y be l(-2). Suppose -5*o - 20 = 0, 5*t + y*o - 19 = 4*o. What is the remainder when k is divided by t?
5
Let k = 8 - 3. Suppose 4*l = -d + 14, -3*d + 0*l + k*l = -127. Suppose -27 - 45 = -4*i. Calculate the remainder when d is divided by i.
16
Suppose 0 = f + 4*v - 43, -5*v + 71 = 4*f - 2*f. Calculate the remaind